of 13350 and 16950?
150
Calculate the highest common divisor of 1612180 and 60.
20
Calculate the greatest common factor of 38466 and 1152.
18
What is the greatest common divisor of 618 and 1253098?
206
What is the highest common factor of 9416 and 4333714?
2354
What is the greatest common divisor of 56 and 91644?
28
Calculate the greatest common factor of 847 and 896.
7
What is the greatest common divisor of 2184 and 98112?
168
What is the greatest common factor of 15179 and 3883?
353
What is the greatest common divisor of 114 and 2202?
6
What is the greatest common divisor of 30051 and 15953?
371
What is the highest common divisor of 10629 and 36?
9
What is the highest common divisor of 2 and 3738528?
2
Calculate the highest common factor of 730 and 18.
2
What is the highest common factor of 149 and 19029833?
149
Calculate the greatest common factor of 481 and 987493.
481
What is the greatest common factor of 488 and 12776?
8
What is the highest common divisor of 8118 and 64350?
198
What is the greatest common divisor of 9 and 5121594?
9
What is the highest common factor of 904 and 56726?
226
Calculate the greatest common divisor of 4096 and 2944.
128
What is the highest common divisor of 3 and 34777?
1
Calculate the greatest common factor of 284 and 921225.
71
Calculate the highest common factor of 16281 and 9313.
67
Calculate the highest common factor of 3056 and 72962.
382
What is the greatest common divisor of 1016 and 46609?
127
Calculate the highest common divisor of 58913 and 9.
1
What is the highest common divisor of 4910 and 310?
10
What is the highest common factor of 613902 and 6?
6
What is the greatest common divisor of 34 and 24599?
17
Calculate the greatest common divisor of 615729 and 2505.
501
What is the highest common factor of 188514 and 108?
54
What is the highest common divisor of 261448 and 128?
8
What is the greatest common divisor of 8687 and 136?
17
What is the greatest common factor of 42 and 1114617?
21
What is the greatest common divisor of 624 and 8697?
39
What is the highest common factor of 7916 and 24?
4
What is the greatest common divisor of 25560 and 1170?
90
Calculate the greatest common divisor of 798 and 33174.
114
Calculate the greatest common divisor of 3810 and 71374.
254
What is the greatest common factor of 104 and 453264?
8
Calculate the greatest common factor of 9 and 527949.
9
What is the greatest common factor of 1030 and 288606?
206
Calculate the highest common factor of 330 and 42.
6
What is the greatest common divisor of 3871 and 624337?
553
Calculate the highest common divisor of 13624 and 234.
26
What is the highest common divisor of 9218 and 1320?
22
Calculate the greatest common divisor of 24610 and 2070.
230
Calculate the highest common divisor of 97470 and 630.
90
Calculate the greatest common divisor of 88550 and 308.
154
Calculate the highest common factor of 99 and 137214.
99
What is the greatest common factor of 22 and 223784?
22
Calculate the greatest common divisor of 2 and 9998.
2
Calculate the highest common divisor of 1474 and 460826.
134
Calculate the greatest common factor of 598031 and 518.
259
Calculate the greatest common divisor of 2535 and 49491.
39
Calculate the highest common factor of 241224 and 12.
12
What is the greatest common factor of 8 and 366608?
8
What is the highest common divisor of 9560 and 416?
8
Calculate the highest common divisor of 24480 and 23670.
90
What is the greatest common factor of 1542 and 192?
6
Calculate the greatest common factor of 35720 and 79430.
470
What is the highest common divisor of 16020 and 10?
10
What is the highest common factor of 16200 and 2002500?
900
Calculate the greatest common divisor of 19635 and 4200.
105
What is the highest common factor of 22401 and 684?
171
Calculate the greatest common divisor of 30816 and 321.
321
Calculate the highest common factor of 1862 and 413630.
266
What is the highest common divisor of 80 and 219360?
80
What is the greatest common divisor of 38045 and 2135?
35
What is the greatest common factor of 79879 and 1510?
151
Calculate the greatest common factor of 11895 and 7015.
305
What is the highest common divisor of 3808 and 16303?
119
Calculate the greatest common divisor of 288 and 149216.
32
Calculate the greatest common divisor of 46 and 330211.
23
What is the highest common factor of 90 and 406395?
45
What is the highest common factor of 114448 and 276?
92
What is the greatest common divisor of 469516 and 856?
428
What is the highest common factor of 185 and 55537?
37
What is the greatest common divisor of 27500 and 40?
20
What is the greatest common factor of 164630 and 1616?
202
What is the greatest common divisor of 737 and 8?
1
Calculate the highest common divisor of 146 and 6061774.
146
What is the greatest common factor of 2023 and 731?
17
Calculate the highest common divisor of 99883 and 133.
133
Calculate the greatest common factor of 47250 and 1134.
378
Calculate the highest common divisor of 70 and 814485.
35
What is the greatest common factor of 525 and 1015?
35
Calculate the greatest common factor of 3339 and 1731033.
477
What is the greatest common factor of 858 and 4235?
11
Calculate the highest common factor of 18575109 and 378.
189
Calculate the highest common divisor of 15849 and 990.
9
Calculate the greatest common factor of 91552 and 32.
32
What is the greatest common divisor of 1165634 and 1187?
1187
Calculate the greatest common factor of 3245 and 110.
55
Calculate the highest common factor of 7 and 190813.
7
Calculate the greatest common factor of 1554 and 107247.
21
Calculate the highest common factor of 6448 and 5828.
124
What is the highest common divisor of 343161 and 10920?
273
What is the greatest common divisor of 918 and 117198?
306
Calculate the highest common factor of 32 and 58768.
16
What is the highest common divisor of 530 and 331409?
53
What is the greatest common divisor of 1080 and 49878?
18
What is the highest common factor of 54404 and 1972?
116
What is the highest common divisor of 18696 and 57912?
456
Calculate the highest common factor of 485 and 80.
5
What is the highest common divisor of 219108 and 9?
3
Calculate the highest common factor of 723840 and 325.
65
Calculate the greatest common divisor of 8428 and 53062.
86
What is the greatest common factor of 38599 and 35728?
319
What is the greatest common factor of 436 and 1005416?
436
What is the highest common factor of 213035 and 411?
137
Calculate the greatest common divisor of 24124 and 11026.
74
What is the greatest common factor of 229059 and 868?
31
Calculate the highest common factor of 160 and 15712.
32
Calculate the highest common divisor of 36 and 81.
9
What is the greatest common factor of 336 and 1467564?
84
Calculate the greatest common factor of 8227 and 9728.
19
Calculate the highest common factor of 1564 and 601052.
68
Calculate the greatest common factor of 9594 and 37843.
533
What is the highest common divisor of 1279117 and 28?
7
Calculate the highest common factor of 10693 and 2312.
289
What is the highest common divisor of 224 and 22835008?
224
Calculate the greatest common factor of 106696 and 16.
8
Calculate the greatest common divisor of 4549 and 11.
1
What is the highest common factor of 48 and 3689964?
12
What is the highest common factor of 4472 and 1104025?
559
Calculate the greatest common factor of 170339 and 4.
1
Calculate the greatest common factor of 6170 and 830.
10
Calculate the highest common factor of 462 and 9063516.
462
Calculate the greatest common factor of 36 and 1387728.
36
What is the greatest common factor of 38034 and 450?
18
What is the highest common factor of 2727 and 3535?
101
Calculate the highest common divisor of 4293998 and 74.
74
Calculate the greatest common factor of 62728 and 8.
8
Calculate the highest common factor of 4725 and 12.
3
Calculate the highest common divisor of 420695 and 55.
55
What is the greatest common factor of 1481 and 38?
1
Calculate the highest common factor of 4615 and 3550.
355
Calculate the highest common divisor of 2670 and 234782.
178
Calculate the greatest common divisor of 7060 and 180.
20
What is the highest common factor of 1310144 and 1936?
176
Calculate the highest common factor of 46 and 26105.
23
What